uppose 3*b - 518 = 10*b. Let u = 182 + b. List the prime factors of u.
2, 3
Let x be -362 + (3 + (-11)/3)*-3. Let i = x - -819. List the prime factors of i.
3, 17
Let g(r) = 10*r**2 + 47*r + 326. What are the prime factors of g(-25)?
11, 491
Suppose -5*o = -3*k - 66490, -8824 = -3*o + 5*k + 31070. What are the prime factors of o?
2, 61, 109
Suppose -4*j = 4, 5*g - g - 11 = -j. Suppose g*u = 10*u. Suppose 324 = 9*a - u*a. What are the prime factors of a?
2, 3
Suppose -1507308 = -51*m - 6*m + 1117314. List the prime factors of m.
2, 7, 11, 13, 23
Let r(d) = 5*d**2 - 8*d - 11. Let u be r(-5). Suppose -2*k + u = -5*f, 210 - 56 = 2*k + 4*f. What are the prime factors of (1 + -3 - -1) + k + 8?
2, 3, 7
Let f(h) = 627*h**2 + h - 320. List the prime factors of f(11).
2, 3, 7, 257
Let i be (-5 - (-42)/1)*1. Suppose -8515 = -i*x + 22232. What are the prime factors of x?
3, 277
Suppose -129 = 3*k - 489. What are the prime factors of 4965/7 - k/420?
709
Suppose 12*k = 11 + 25. Suppose 7*z - k = 11. Suppose -88 = -4*w + w + z*i, 4*w - 116 = 4*i. List the prime factors of w.
2, 3, 5
Suppose -21*c = -4*c - 238. Let m = 267 + c. What are the prime factors of m?
281
Let w(i) = 23*i - 21. Let h be w(1). Suppose -3*b - 496 = -4*b + h*c, 3*c + 2466 = 5*b. What are the prime factors of b?
2, 3, 41
Suppose -895938 = -84*l + 925686. What are the prime factors of l?
2, 7, 1549
Let b be (-6979 - 0) + (-52 - -56). List the prime factors of b/(-24) - 21/(-56).
3, 97
Let s(i) = i**2 + 13*i + 11. Let l be s(-10). What are the prime factors of (l - -20)/(1/((-1598)/(-1)))?
2, 17, 47
Let q = 155 + -92. Let u(x) = -x**2 - 10*x - 7. Let w be u(-9). Suppose -w*m + q = -57. List the prime factors of m.
2, 3, 5
Let t(i) = 3*i**2 + 19*i + 7. Let b be t(-6). Let x be (-5)/b + (1 - (2 + -4)). List the prime factors of (-652)/(-8) - 3/x.
83
Suppose -6 = 3*k - 3*w, -3*k = 2*w - 6 + 2. Let r be (12/9*-34)/((-3)/45). Suppose 3*z = 4*l + 131 - r, -3*l - 3*z + 438 = k. What are the prime factors of l?
3, 47
Let w = -1286 + 3394. Let v = -1459 + w. What are the prime factors of v?
11, 59
Suppose -5*f = -3*f - 6. Suppose -391 = -f*r + 5*m, -5*m = -4*r - 0*m + 518. What are the prime factors of r?
127
Let p be (-18)/207 - 14415/69. Let g = 573 - p. What are the prime factors of g?
2, 17, 23
Let n = 372 + -254. Suppose 3*s - 2303 = n. List the prime factors of s.
3, 269
Let p(w) = 261*w + 354. List the prime factors of p(36).
2, 3, 5, 13
Let h be (7/((-35)/(-2770)))/(3 + -1). Suppose -7*k = -c - 4*k + h, 9 = 3*k. Suppose -2*a = 36 - c. What are the prime factors of a?
5
Suppose 0 = 3*m + 34*g - 29*g - 10980, -4*g = 3*m - 10986. List the prime factors of m.
2, 5, 367
Suppose 2*j = -0*j + 2*u - 10, 0 = 3*j + 5*u - 25. Suppose -l - 4*y = -j*l - 237, 3*l - 746 = -5*y. List the prime factors of l.
257
Suppose -697969 = -15*b + 183430 - 83954. What are the prime factors of b?
3, 11, 179
Suppose -9*i + 36868 = 11983. List the prime factors of i.
5, 7, 79
Let w(o) = 268*o**2 + 1159*o - 22. What are the prime factors of w(-12)?
2, 11, 19, 59
Let m(x) = 2*x**2 - 26*x + 83. Let p be 19 - (-10)/5 - (2 + -1). List the prime factors of m(p).
3, 11
Let l = 3202 - -8172. List the prime factors of l.
2, 11, 47
Let q be ((-23)/3)/(7/(-21)). Suppose b = -2*j + 3, 3*b + q = -j + 3*j. Suppose -30 = -g - 2*h, -j*h + 27 = g - 5. List the prime factors of g.
2, 7
Let d(i) = 0 + 7 - 7*i + 3*i**2 + 3*i**2 + 4*i. Suppose 0 = -0*l - 2*l - f + 9, 24 = 3*l - 2*f. What are the prime factors of d(l)?
5, 41
Suppose -2795 = -5*y - 3*h - 2*h, -4*y + 5*h + 2227 = 0. Suppose -10*s + 9*s + y = 0. What are the prime factors of s?
2, 3, 31
Let q = -6571 - -12883. List the prime factors of q.
2, 3, 263
Let m(u) = 7*u**2 - 526*u - 59. What are the prime factors of m(106)?
41, 557
Let q(z) = 29*z**2 - 8*z - 14. Let k(b) = b**3 + 14*b**2 + 20*b - 41. Let x be k(-12). List the prime factors of q(x).
7, 193
Suppose -4*d - 880 + 2636 = -4*t, -d + 441 = t. Suppose 3*r + 5*b = d, -3*r + 578 = r - 2*b. Let k = -87 + r. List the prime factors of k.
2, 29
Let n = -41 - -48. Suppose -2*a + n*a - 25 = 0, -2*f = 3*a - 11. List the prime factors of 222/(4 + 0 + f).
3, 37
Let i(y) = 2*y + 1. Let n be i(2). Suppose -2 = q - 5, -27 = -5*x - 4*q. Suppose 16 = -4*b, -n*t + x*b = -2*b - 100. What are the prime factors of t?
2
Suppose -7*c + 8*c - 21016 = 4*p, 0 = 2*c - p - 42004. List the prime factors of c.
2, 3, 5, 7
Let y = 667 - 667. List the prime factors of (10 - (-5172)/(-24))*(-2 - y).
3, 137
Let b(n) = 16*n - 44. Let o be b(3). Suppose -7*i = -8*i, o*x - 4*i = 2092. List the prime factors of x.
523
Suppose 0 = 9*b - 112851 - 65943. What are the prime factors of b?
2, 3, 7, 11, 43
Suppose 0 = j - 3*c - 708 - 17, 2*c = -10. Suppose l = -4*l - j. Let v = l - -214. What are the prime factors of v?
2, 3
Suppose -2*c + 151622 = i - 3*i, 3*i = -4*c + 303223. What are the prime factors of c?
2, 23, 103
List the prime factors of (-2)/6 + (19 - (-309400)/39).
2, 7, 71
Let p be (-3)/1 + (-5 - (-6 - 5)). Suppose -5*c + p*y = -2206, -5*c - 18*y + 2203 = -22*y. What are the prime factors of c?
443
Let s = -19351 - -29060. What are the prime factors of s?
7, 19, 73
Let p = -2910 + 7861. What are the prime factors of p?
4951
Suppose 5*u + 4157 = -4*b + b, 2*b + 2495 = -3*u. Let l = -658 - u. What are the prime factors of l?
3, 19
Let k(i) = i**3 + 14*i**2 + 13*i - 7. Let g be ((-1)/3)/(65/2145). What are the prime factors of k(g)?
3, 71
Suppose 3*i = 3*g + 63, 149*i + g + 46 = 151*i. Suppose 0 = 3*j + 4*b - 67, 5*b + 64 = 3*j - 21. What are the prime factors of 195/i + 5/j?
2
Let c = 88199 + -52547. What are the prime factors of c?
2, 3, 2971
Suppose 325*c - 320*c - 2*s - 318012 = 0, 2*c + 3*s - 127220 = 0. List the prime factors of c.
2, 15901
List the prime factors of 432/36 - (-5812)/1.
2, 7, 13
Let n(s) = 3*s**3 + 2*s**2 - 25*s + 20. Let i be n(11). Suppose -4*c - 6*c + i = 0. List the prime factors of c.
2, 199
Let b(o) be the first derivative of -60*o**2 - 46*o + 30. List the prime factors of b(-4).
2, 7, 31
Suppose -2*z = 4*q + 250, 3*z = 5*q - 230 - 200. Let f = z - -342. List the prime factors of f.
3, 23
Let d(t) = 2*t**3 + 24*t**2 + 2*t + 26. Let i be d(-12). Suppose 7*l - i*l = 20, -5*l - 2538 = -2*k. List the prime factors of k.
1279
Suppose 5*i = 13*p + 205727, 3*i + 2*p = -52950 + 176298. List the prime factors of i.
2, 29, 709
Let a(g) = 137*g**2 + 218*g + 1881. List the prime factors of a(-9).
2, 3, 17
Let p(x) = 2330*x + 492. List the prime factors of p(6).
2, 3, 67
Let r(q) = -8*q + 40. Let k be r(10). What are the prime factors of 19338/30 - -4*(-4)/k?
3, 5, 43
Suppose -19*j + 27198 + 641020 = 10*j. What are the prime factors of j?
2, 41, 281
Suppose -2*a + 283 + 105 = 0. Let y = 1719 - a. What are the prime factors of y?
5, 61
Let o(y) = 11*y**2 + 10*y + 10. Let k be o(-9). Let f = 1393 - k. List the prime factors of f.
2, 3, 97
Suppose -3*c - 81*z = -77*z - 19852, 0 = -5*z + 35. List the prime factors of c.
2, 7, 59
Suppose -4*h + 1576 = 4*j, j + 0*j + 4*h - 397 = 0. Suppose -j + 2549 = 11*y. List the prime factors of y.
2, 7
Suppose 5*n - 114 + 9 = 0. Let r = n - 17. Suppose -r*o - 86 = -2*p, -3*p = -4*o + 2*o - 133. List the prime factors of p.
3, 5
Let a(s) = s**2 + 12*s + 35. Let g be a(-9). Suppose -g*k + 12816 = 4*k. List the prime factors of k.
2, 3, 89
Let v(n) = -5*n + 90. Let a be v(17). Let y(r) = 24*r**2 - r - 8. What are the prime factors of y(a)?
587
Suppose -24*q + 7942 = -187514. What are the prime factors of q?
2, 509
Suppose 147 = 2*q - 163. Suppose -q - 127 = -4*k + 2*o, 145 = 2*k - 5*o. What are the prime factors of k?
2, 5, 7
Let y = 97 - 95. Suppose -y*p + 268 = q + q, 0 = 5*q + 20. Let z = p + -81. List the prime factors of z.
3, 19
Let f be (-29253)/(-168) + 1/(-8). Suppose -o = 2*i - f, i + 418 = -5*o + 1306. What are the prime factors of o?
2, 89
Let k = -269 + 269. Suppose -d - 4*d + 4629 = 4*t, -d + t + 933 = k. What are the prime factors of d?
929
Let j be (30/(-9))/(49/(-7938)). Let f(u) = -u - 385. Let y be f(0). Let g = j + y. What are the prime factors of g?
5, 31
Let g(z) = 10*z + 82. Let a be g(-8). Let b(w) = 23*w**3 - 3*w**2 + 2*w - 3. List the prime factors of b(a).
173
Suppose 1066765 = 139*r - 